(i) = 6*i - 2. Let f(a) = b*k(a) - 5*v(a). What is f(-2)?
17
Let i(w) = 4*w**3 - w**2 + 1. Let k(g) = g**3 + 6*g**2 + 6*g - 9. Suppose 5*m = 16 - 36. Let d be k(m). Determine i(d).
-4
Let l(g) = -11*g**2 - 35*g + 71. Let c be l(2). Let r(u) = -6*u - 267. Determine r(c).
-9
Suppose -2*f - 4 = -2*v, -7*v + 2*f - 6 = -10*v. Let y be 56/6 - 4/(-6). Let w(j) = -7*j**v - j**2 + 5*j + 3*j**2 - y + 6*j**2. Give w(-7).
4
Let k(l) = -l - 25. Let m be k(-21). Let j(q) be the second derivative of -q**3/3 - 3*q**2 + 264*q. What is j(m)?
2
Let z(r) = 3*r - 8. Let x be 5 + 15/((-15)/2). Let c(i) = 3*i - 5. Let b(y) = x*z(y) - 4*c(y). Give b(4).
-16
Let i be 6/(-2) + 6/3. Let f(h) be the first derivative of 9*h**2/2 + 5815. Give f(i).
-9
Let n(u) be the second derivative of -u**5/20 + 13*u**4/12 - 6*u**3 - 7*u**2/2 - 25*u + 178. Determine n(9).
-7
Let d(u) be the second derivative of -12 + u + 1/6*u**3 - 1/2*u**2. Calculate d(-5).
-6
Let n(o) be the first derivative of o**4/4 - 2*o**3 + 13*o**2/2 - 64*o + 3702. Determine n(6).
14
Let u(r) be the second derivative of -r**4/12 + r**3/3 + r**2 - r. Let m(y) = -y**2 - 11*y + 30. Suppose 73 = -2*n + 47. Let h be m(n). What is u(h)?
-6
Suppose -18*x + 39 + 99 = -24. Let q(p) = p**2 - 3*p + 9. Calculate q(x).
63
Let h(b) be the first derivative of -11*b + 1/2*b**2 + 10. Suppose -10*q = -5*q - 4*q. Give h(q).
-11
Let m(n) be the second derivative of -n**5/20 - 4*n**4/3 - 14*n**3/3 + 27*n**2/2 - 307*n. Give m(-14).
27
Let z(h) = 4*h**2 + 2*h**2 - 3*h**2 + 2 - h. Suppose -2*b = -4*y + 16, -5*y + 2*b + 6 = 3*b. Suppose 8*i = 5*f + 5*i + y, -5*i + 14 = -3*f. Give z(f).
12
Suppose 0 = -6*d - 509 - 1051. Let t be (-2028)/d - 8/10. Let j(p) = -p**3 + 7*p**2 + p + 1. Determine j(t).
8
Suppose 4*j - c = 44, -3*j + 18 = 2*c - 15. Suppose j = -4*i + 75. Let w(s) = -2*s + 35. What is w(i)?
3
Let c(o) = -o + 2. Let p(m) = -2*m + 1. Let g(x) = -c(x) + 3*p(x). Let t(n) = -4*n + 2. Let a(i) = -5*g(i) + 6*t(i). What is a(-5)?
2
Let b(r) = r - 12. Suppose -5*m - 4*j = 134, 5*m - 5*j = -87 - 38. Let q be 294/(-9) - 14/42. Let z = m - q. What is b(z)?
-5
Let l(i) = -9*i**2 - i**2 - i**3 - i - 3*i**2 - 6 + 0*i. Let m(x) = -5*x + 147. Let r be m(32). Determine l(r).
7
Let d(m) = 51*m + 162608 - 162603 - 15*m + 3*m**2. Calculate d(-12).
5
Let w(y) be the first derivative of y**4/2 - 12*y**3 + 7*y**2/2 - 123*y + 6432. Give w(18).
3
Let v = -8335 - -8340. Let f(n) = 0 + 4 + 2*n + 0. What is f(v)?
14
Let h(z) = -z**2 - 8*z - 8. Let l be (13 - -2)*(-2 + 1 + 8). Suppose 54*k = -219 - l. What is h(k)?
4
Let m(o) = -51 - 47 + o + 104. Suppose 2*b = -4*r + 126, 4*b = -r + 37 + 5. Suppose -5 = 31*j - r*j. What is m(j)?
1
Let l(y) = y**3 + 2*y**2 - 1. Let m(f) = f**2 - 2*f - 2. Let v(p) = 6*p**2 - 8*p - 11. Let t(g) = 5*m(g) - v(g). Let h(j) = -l(j) - 2*t(j). Determine h(3).
-16
Let n = -698 + 703. Let r(c) = -11 + 3*c**2 + 3 + n - 9*c**2 + 4*c. Calculate r(1).
-5
Suppose 1008 = -4*k + 17700. Let g(s) = -4173*s - 1 + k*s + s**3 + 8*s**2. What is g(-8)?
-1
Suppose -3*r + 3*i = -8*r - 11, -5*r + 2*i - 1 = 0. Let z(g) = -8*g - 16. Let k(f) = f. Let o(v) = r*z(v) - 12*k(v). Determine o(11).
-28
Let m(i) be the second derivative of i**6/240 - 3*i**5/40 - 35*i**4/6 - 2*i + 5. Let q(s) be the third derivative of m(s). Give q(4).
3
Let y(m) = -m**3 - 11*m**2 - 15*m - 53. Let p be y(-10). Let q(d) = -3*d**2 - 10*d + 2. Give q(p).
5
Let p(j) = 3*j**3 - 114*j**2 + 199*j - 11. Let t(b) = -b**3 + 38*b**2 - 66*b + 4. Let w(l) = -6*p(l) - 17*t(l). Determine w(36).
-2
Let m be 27 - (-3 + (-5 - -5)). Suppose 4*g - m = -2*p, 2*p + 5 = -3*p. Let s(j) = -j**2 + 6*j + 9. Determine s(g).
-7
Let x(m) = -m**2 - 405394*m - 405385*m + 13 + 810770*m. Let q = -11 + 1. Determine x(q).
3
Let k(z) = z**3 + 9*z**2 - 22*z + 1. Let b(u) = 5*u**2 - 8*u + 1. Let h(n) = -5*b(n) + 2*k(n). What is h(5)?
52
Suppose 3*y - 1 + 8 = 2*x, 25 = 5*x. Let k(i) = -4*i - 2. Let v(q) = 1. Let s(f) = k(f) + v(f). Determine s(y).
-5
Let v(r) be the first derivative of -r**4/4 + 19*r**3/3 - 53*r**2/2 + 86*r - 4241. What is v(16)?
6
Let t(x) = 2*x - 1. Let n be (-6*1)/(-2)*(-168)/(-126). Suppose n*b + 29 = f, 5*f + 7 = -2*b - 2. Determine t(b).
-15
Let v be 63/4 + (-6)/(-24). Suppose 32*i - v = 28*i. Suppose 2*p + i = 0, -1 = 3*k - 4*p - 3. Let n(d) = 3*d - 1. Calculate n(k).
-7
Let r(q) be the second derivative of 5/12*q**4 + 1/2*q**2 + 1/20*q**5 + 15 - 2/3*q**3 - 3*q. Calculate r(-6).
-11
Let s(t) = -101 + 35*t + 91 - 26*t - 4*t**2. Determine s(3).
-19
Let z be ((-4)/6)/(12/(-18)). Let j(k) = 4*k + 3 + 3 - z - 2. Suppose -2*f = -2 + 6. What is j(f)?
-5
Suppose -3*k + 2 + 7 = 0. Let u be 1 + k/6*2. Let s(r) = -3*r + 4 - 237*r**2 - r + 238*r**u. Determine s(3).
1
Let y(i) = -27*i + 164337*i**2 - 164340*i**2 + 18 + 14*i + 4*i**3. Determine y(2).
12
Let k = 955 + -965. Let x(g) = -5*g - 41. What is x(k)?
9
Let j(d) be the third derivative of -13*d**5/60 + 17*d**4/24 - 7*d**3 - 8*d**2 - 73*d. Calculate j(3).
-108
Suppose -5*p - 4*v = -5, p - v = 2*v + 1. Let n(o) = o**3 - 6*o**2 + 8*o - 12. Let r be n(5). Let j(y) = 278*y**r - 286*y**3 - 2 - y**2 + 2. Give j(p).
-9
Let o(c) = 8*c**2 - c. Let r = -2 - -5. Let l be 1 - ((-2)/1 - r). Suppose 0 = l*x - 8*x + 2. What is o(x)?
7
Let c(x) = 1226 - 1256 + x**3 + 3*x + 10*x + 8*x + 5*x**2 - 27*x**2. Calculate c(21).
-30
Let u be 26/(-6) + (-7)/(-21). Let m(i) = i**2 + 2*i - 5. Let p be m(u). Let w(l) = 2*l**2 + 1 + 2*l**2 + 2*l**p - 4*l**3 + l**3. What is w(4)?
1
Let i be 4356/(-72)*(-12)/33. Let t(d) = 4*d - 69. Give t(i).
19
Let j(z) = 11*z + 1. Let g(s) = 33*s + 4. Let r(u) = -2*g(u) + 7*j(u). Let y = 619801 + -619803. Determine r(y).
-23
Let x(l) = 8*l - l**2 - l**2 + 3*l**2 + 5. Suppose 5*r - 5*f + 40 = -9*f, 0 = 2*r + 4*f + 16. Calculate x(r).
5
Suppose 2*t = i - 40 + 59, -i = 3*t + 24. Let w(g) = -2*g**3 - 42*g**2 - g - 32. Give w(i).
-11
Let x(j) = j + 1. Let z be x(1). Suppose 98*h - 112*h = -56. Let b(k) = 0*k - 1 + 6*k - 2 + k - h*k. Give b(z).
3
Let r(h) = h**3 + 6*h**2 - h - 1. Let d(s) = 5*s**3 + 24*s**2 - 3*s - 4. Let o(y) = -y**2 - 6*y + 9. Let c be o(-6). Let b(f) = c*r(f) - 2*d(f). Determine b(5).
9
Let n(b) be the third derivative of 3*b**6/8 + b**5/60 - b**4/12 + b**3/3 - b**2 - b - 77. Determine n(1).
46
Let z(y) = -y**2 - 2*y. Let j(b) = -5*b**2 - 21*b - 25. Let q(v) = j(v) - 3*z(v). Calculate q(-2).
-3
Suppose 4*w + 1 = 13. Let j(q) = q**2 + w - 6*q - 2 + 2. Suppose -2*f + 2*v = -3*v - 10, -2*v - 10 = -2*f. Give j(f).
-2
Let z(g) = g**3 - g**2 - 10*g - 8. Suppose 158 + 2 = 40*a. What is z(a)?
0
Let s(m) = 2*m**2 - 19*m + 5. Let l be s(9). Let y = -97 + 138. Let v(a) = 23*a**2 - 4*a - 1 - y*a**2 + 17*a**2. What is v(l)?
-1
Let z(m) = -m**3 - 6*m**2 + 5*m - 3. Suppose 10387*w + 77 = 10376*w. Calculate z(w).
11
Suppose -1 = 68*l - 66*l - s, -5*l + 2*s - 6 = 0. Let z(y) = 2*y**3 + 5*y**2 - 4*y - 9. Calculate z(l).
-41
Let s(c) = 5*c**3 - c + 1. Suppose 0 = -5*w + 25, 0 = -2*a - w + 8 + 5. Suppose -8*g + 96 = a*g. Suppose 2*k + 3*o = -2*k + 7, -3*o = 5*k - g. Give s(k).
5
Let s = -235 + 154. Let y = -74 - s. Let v(w) = -w. Calculate v(y).
-7
Let m be (-9)/(-6)*16/6. Let d(w) = -20*w + 183. Let t(q) = 64*q - 608. Let b(f) = 10*d(f) + 3*t(f). Give b(m).
-26
Let q = -92 + 215. Let v = q - 128. Let n(g) be the second derivative of g**4/12 + g**3 + 2*g**2 - 3*g. What is n(v)?
-1
Let d(g) = g**3 + 5*g**2 - 4*g + 1. Suppose t + 5 - 4 = -u, t = -3*u - 7. Let i be ((-17)/(-34))/(t/(-20)). Determine d(i).
21
Let p(n) = 7*n + 36. Let j(u) = 29*u + 145. Let s(h) = -2*j(h) + 9*p(h). Let w be s(-7). Let l(b) = b**3 - 5*b**3 - 2*b - b**3 - 1 + 2*b**3. Calculate l(w).
4
Let g(n) be the first derivative of -5*n**4/4 - n**2/2 + 169*n - 127. Let l(j) be the first derivative of g(j). Give l(-1).
-16
Suppose -5*m - 2*d + 32 = 0, 0 = -118*m + 122*m - 2*d - 22. Let w(v) = v**3 - 5*v**2 + 17*v - 133. Calculate w(m).
5
Let n(h) = -3*h**2 - 5*h. Let y(g) = -6*g**2 - 12*g - 4. Let z(w) = -5*n(w) + 2*y(w). Calculate z(0).
-8
Let f(d) = -2*d - 1. Let s(m) = -15*m - 13. Let n(a) = 2. Let r(y) = -2*n(y) - s(y). Let p(z) = -12*f(z) - r(z). Give p(-5).
-42
Let d(b) = 9*b - 40. Suppose 0*s = 2*s, 4*c - s - 16 = s. Calculate d(c).
-4
Let g(x) be the first derivative of x**3/3 